 Let x be u(y). Is 38*6/x*(-58)/(-6) composite?
True
Suppose r = -k + 2*r + 6, -3*k = 3*r - 6. Suppose -5*b + 29 = k. Suppose -8*j + 3246 = -b*j. Is j a composite number?
True
Let l = 541726 + -320345. Is l composite?
True
Let a = 2754726 + -1201268. Is a a composite number?
True
Let s = -62 - -56. Let t be -5*s/(-3 - 0). Is 1192/6 + t/(-30) a prime number?
True
Let f(y) = -2*y + 6*y**2 + 12*y**2 - 13*y**2 + 0*y - 2 + 4*y**3. Is f(5) prime?
True
Let y(w) be the third derivative of -17*w**5/120 - 5*w**4/24 - 5*w**3/2 - 17*w**2. Let g(s) be the first derivative of y(s). Is g(-3) a composite number?
True
Let g = -224912 - -809569. Is g a composite number?
True
Let p = 5038 - 11660. Let l = 10209 - 20624. Let i = p - l. Is i composite?
False
Suppose 5*n + 5*h = 3*h + 21325, 5*n - 21335 = -4*h. Suppose -2*b = 4*m + b - 3418, b + n = 5*m. Is m a prime number?
True
Suppose -2*j + 11 = -3*r + 2, -3*j + 13 = -5*r. Is j/(-9)*7/((-14)/1479) a prime number?
False
Let n be (-8)/(-2) - (0 + 3)*-2. Is 7/(525/n) - (-27206)/30 composite?
False
Let p(f) be the third derivative of 1/4*f**4 - 7/30*f**5 + 23/6*f**3 + 16*f**2 - 1/60*f**6 + 0 + 0*f. Is p(-10) composite?
False
Let m be -1 - (-427)/(1 + -2). Let g(a) = a**3 - 10*a**2 - 3*a - 61. Let w be g(7). Let c = w - m. Is c composite?
False
Suppose -29*v + 94 = -28*v. Suppose -v*s = -99*s + 3715. Is s a composite number?
False
Let q(x) = 879*x. Let v be q(1). Let b(s) = -s**3 + 10*s**2 - 2*s + 23. Let y be b(10). Suppose 7*h - 2*h - 879 = -y*m, 3*m = 4*h + v. Is m prime?
True
Suppose 2*d - 22*r + 26*r = 66738, -5*r - 25 = 0. Is d a prime number?
False
Suppose 3*r = -20*w + 15*w - 34205, 0 = 3*w - 2*r + 20523. Let v = -852 - w. Is v a prime number?
False
Let w(s) = 456*s**2 + 38*s + 93. Is w(-3) a prime number?
False
Let y be 247/57 + 4/6. Suppose 5 = -5*q, -v + 24 = -y*q - 190. Let z = 387 - v. Is z prime?
False
Suppose -13*b = -3*b - 60. Is (-1902)/(-2)*(-3)/(-54)*b composite?
False
Let m be -2*2/4 + (-16 - -21). Let v(w) = 249*w - 13. Is v(m) prime?
True
Is -5 - (-2 + (-18929064)/238 + (-2)/17) composite?
False
Let y(b) = 247*b - 27. Let j be y(-19). Let c = j + 6771. Is c a prime number?
False
Let b = 48 - 94. Let w = -41 - b. Suppose -955 = -w*p - 2*y, -4*p - y + 253 + 511 = 0. Is p prime?
True
Let u be 63/3 - 72/9. Let y(l) = 3*l**3 - 15*l**2 - 4*l - 31. Is y(u) composite?
True
Suppose 0 = -12*y + 12262 + 6650. Suppose 3*r + 2*m = 11823, -2*r - m = -9459 + y. Is r composite?
False
Suppose -k + 5*r + 14606 = -56872, -3*r = -5*k + 357566. Is k prime?
False
Suppose -3869*o + 1530268 = -3865*o. Is o a composite number?
False
Let l be 2 + -4 + 6 + 4. Let d be 2/4 - -3*12/l. Suppose d*s - 16880 = 5*a, -12974 = -4*s + 5*a + 535. Is s a prime number?
True
Let i = 33714 + -17441. Is i prime?
True
Let x(o) = -842*o + 1. Let g(a) = -5*a + 4. Let n be g(1). Let c be x(n). Let q = -552 + c. Is q a prime number?
False
Let y = 153 + -118. Is -3 + (248/10)/(7/y) a composite number?
True
Suppose 5*x - 5040 = -5*j, j = -x - 3*x + 999. Suppose 4*s - 2113 = j. Let v = s + -168. Is v prime?
True
Suppose 2*g + 53*m + 144 = 57*m, 5*g + 308 = -3*m. Let t(a) = a**3 - 3*a**2 - a + 4. Let k be t(3). Is (-13)/(-13) - g/k a composite number?
True
Let t be (-2 - 20)*((-369)/(-6) - 3). Let l = t - -1960. Is l prime?
True
Let y = -1928 + 3597. Suppose -o - 2*x = -2225, o - y = 4*x + 574. Is o a composite number?
True
Let f(v) = -4632*v + 8. Let m be f(-2). Suppose -4*a + 2*c = -32982, 0 = 5*a + c - 31966 - m. Is a a composite number?
True
Suppose 4*f + 0 = -5*w - 7, 4*w = -3*f - 6. Let h be 1 + w - 3*(-5 + 6). Is (-2853)/(-5) + (-2)/h + 0 prime?
True
Suppose -10*q - 4*n = -8*q - 109366, q + 3*n = 54690. Is q prime?
False
Let k = -4314 - -6122. Let r = -1180 - k. Let y = -1622 - r. Is y a prime number?
False
Is (16/(-1 - 79))/((-3)/4140075) a composite number?
True
Let z = 7518745 - 5258952. Is z prime?
False
Let p be (-19640 + 0)*(-32)/40. Let s = p - 10869. Is s prime?
False
Let z be -3 - 8/12*(-78)/4. Suppose 3*c - z = -4. Suppose 0 = 3*v - 3*g - 9606, -3*g + c*g - 3 = 0. Is v a prime number?
False
Let b = -77184 + 169975. Is b a prime number?
True
Suppose 12*h = 13*h - 1540. Suppose 2*x = 6*x - h. Suppose u + r = -u + 154, 5*u - x = 4*r. Is u a prime number?
False
Suppose 8*g - 47159 = 32073. Let p = g - 2783. Is p composite?
False
Suppose -2*n - 2593855 = 9*f - 14*f, 1556313 = 3*f + 3*n. Is f a composite number?
True
Let r(m) = -43*m**3 - 9*m**2 + 10*m + 95. Is r(-6) a composite number?
False
Suppose 3*i - 25 = 2*i + 5*n, 2*n + 36 = 3*i. Let r(s) be the first derivative of 2*s**3/3 - 2*s**2 - 17*s + 2. Is r(i) prime?
False
Suppose -2*m = 4*v + 50, -3*m - 10 = -m. Let b(o) = -12*o**3 + 21*o**2 + 4*o + 17. Is b(v) prime?
False
Suppose -u - 4*s - 2331 = 0, 5*u = 6*s - 7*s - 11579. Let m = 15576 + u. Is m a composite number?
True
Let m = 2260 + -2257. Let w(h) = -h**2 + 6*h - 2. Let l be w(5). Suppose -l*a = -4*j - 1328 - 77, 1404 = 3*a - m*j. Is a prime?
True
Suppose -16*u = -21*u + 30. Suppose 3*t + 2*f - 4 = u*t, 2*t = -3*f - 20. Is (-10086)/(-54) - t/18 prime?
False
Let o = -2903 + 2905. Let g = -444 - -687. Suppose 4*t = -n + g, 7*n - o*n - 1090 = 5*t. Is n composite?
False
Let v(j) be the first derivative of 19*j**3/3 - 23*j**2/2 - 4*j + 1. Let g(c) = -34*c + 232. Let d be g(7). Is v(d) a prime number?
False
Is 577477/21 - 16*35/(-5880) a composite number?
True
Suppose -30 = -3*g - 21*t + 18*t, -4*g + 34 = -2*t. Let k(q) = q**3 + q**2 + 7*q + 38. Is k(g) a prime number?
True
Is (10/(-12)*16/40)/(5/(-1618845)) composite?
False
Suppose 2*h - 17 = 3*l + 36, 9 = -3*l. Let o(d) = 298*d - 149. Is o(h) a composite number?
True
Let i be 7 + (-4 + 1/1 - 0). Let v(q) = 129*q**3 - 5*q**2 + 11*q - 11. Is v(i) prime?
True
Let h be ((-2)/8)/(-2 - (-62)/32). Is 17729 - (10/(-20) - (-26)/h) composite?
True
Let z(t) = 1093*t + 2219. Is z(36) a composite number?
True
Let r be (4 + 8)/(-3) + 6. Let m be r/((-24)/(-12244)) + 1/(-3). Suppose -5*l = 3*a - 1008, 3*a - 3*l = -4*l + m. Is a a prime number?
False
Suppose -420*d = -426*d + 18. Suppose -d*w - 4*z = -4*w - 13, z - 33 = -4*w. Is w a composite number?
False
Suppose 0 = -3*z + 528912 + 1230729. Suppose 0 = -4*v + 17*v - z. Is v prime?
True
Suppose -b - 3*b = -2*b - 57182. Is b prime?
True
Suppose z - 3*w - 2 = 0, -4*z = -5*z - w + 22. Suppose -882 = z*p - 10*p. Let l = -61 - p. Is l prime?
False
Let x = 238 + -437. Let q = x - -488. Is q a prime number?
False
Let s = -11407 + 17138. Is s composite?
True
Is -4*5232255/60*-1 composite?
True
Is (-10892161)/14*(-11 - -9) prime?
False
Suppose 2*z - 4*r = -9*r + 53, 0 = 2*z - 3*r - 29. Is (-517)/(z + -23 + 3*1) a prime number?
False
Let v(j) = -11*j + 45. Let r(b) = 11*b - 43. Let q(o) = -3*r(o) - 2*v(o). Let z be q(-26). Suppose 5*s - 490 = z. Is s a composite number?
False
Is 80569560/200 + 4/(-5) a composite number?
False
Let t be (2/(-4))/(9/(-252)). Suppose t*i - 1744 - 468 = 0. Is i composite?
True
Suppose n - 272 = 3*w, 75 + 313 = -4*w - 5*n. Let o = 219 + w. Is o a composite number?
False
Suppose -705*v + 706*v - 67498 = 0. Is v prime?
False
Suppose -23*k + 21*k + 630 = 0. Suppose 2*f = 6*h - 5*h - k, -1224 = -4*h - f. Is h composite?
False
Suppose 0 = -3*c + 3, 5*c = -9*t + 11*t - 3363. Suppose -8510 + t = -4*n - 2*k, 0 = 4*n + 3*k - 6821. Is n a prime number?
True
Suppose -l = 4*d + 16736, -9384 = 2*d + 3*l - 1026. Let z = 6422 + d. Is z a composite number?
False
Suppose 47*q = 48*q + 1163. Let g = -759 - q. Is -3 - (g/20 - -3)*-230 composite?
False
Let c be 15/(-4)*40/(-15). Let s(l) = 655*l - 165. Is s(c) a prime number?
False
Let y(j) be the first derivative of 175*j**2/2 - 57*j + 72. Is y(14) a prime number?
True
Suppose -3*q - 2*q + 11 = -2*n, -13 = 3*n - 4*q. Let u be (183 + n)/((-7)/(-14)). Let g = u + 289. Is g a prime number?
False
Suppose -37*t - 69*t - 99915 = -266759. Is t a prime number?
False
Let m(g) = -8*g**3 - 11*g**2 - 12*g + 9. Let k be m(-9). Let f = -466 - -470. Suppose f*o - 10*o = -k. Is o a composite number?
True
Suppose -818 + 47453 = 15*o. Is o a composite number?
False
Let c be -594*-2*1/(-2)*-1. Suppose 28318 - c = 4*h. Is h a composite number?
True
Let q be 8/6*(-21)/(-14). Suppose 5*v - 4*z + 35 = -2*z, -q*v 